ulate the remainder when 6865668 is divided by 1142.
1106
Calculate the remainder when 10106 is divided by 8183.
1923
Calculate the remainder when 801305 is divided by 400648.
9
Calculate the remainder when 19053797 is divided by 31.
19
What is the remainder when 417583 is divided by 647?
268
What is the remainder when 792628 is divided by 15262?
14266
Calculate the remainder when 113343421 is divided by 4.
1
Calculate the remainder when 264851 is divided by 423.
53
What is the remainder when 214405781 is divided by 5643?
5639
What is the remainder when 6036819 is divided by 1509193?
47
What is the remainder when 1357086 is divided by 245?
31
What is the remainder when 1064923 is divided by 542?
435
Calculate the remainder when 83857576 is divided by 890.
886
Calculate the remainder when 2326582 is divided by 1161383.
3816
Calculate the remainder when 838233 is divided by 13873.
5853
What is the remainder when 227079 is divided by 2671?
44
What is the remainder when 1405279994 is divided by 11939?
11938
What is the remainder when 1871455 is divided by 6983?
11
Calculate the remainder when 43875345 is divided by 22.
19
Calculate the remainder when 5481065 is divided by 392.
121
What is the remainder when 911559 is divided by 1093?
1090
What is the remainder when 236720 is divided by 78905?
5
Calculate the remainder when 10525372 is divided by 1712.
1708
Calculate the remainder when 175182 is divided by 353.
94
What is the remainder when 251401 is divided by 424?
393
What is the remainder when 2225549 is divided by 2108?
1609
What is the remainder when 30090604 is divided by 78?
76
Calculate the remainder when 15660993 is divided by 7.
5
What is the remainder when 1731391 is divided by 24?
7
What is the remainder when 193692 is divided by 37700?
5192
Calculate the remainder when 1654309 is divided by 538.
497
Calculate the remainder when 12804217 is divided by 2560810.
167
What is the remainder when 126261988 is divided by 348790?
8
What is the remainder when 8922361 is divided by 4461126?
109
Calculate the remainder when 968477 is divided by 161410.
17
What is the remainder when 2373889 is divided by 1634?
1321
Calculate the remainder when 6500 is divided by 541.
8
Calculate the remainder when 10338329 is divided by 72805.
19
What is the remainder when 470200713 is divided by 998?
997
Calculate the remainder when 2354967 is divided by 292.
279
What is the remainder when 34029174 is divided by 11343035?
69
Calculate the remainder when 6418856 is divided by 106978.
176
Calculate the remainder when 54052 is divided by 998.
160
Calculate the remainder when 1059317 is divided by 34163.
264
Calculate the remainder when 990344 is divided by 786.
770
What is the remainder when 1203044 is divided by 1685?
1639
What is the remainder when 84131871 is divided by 8?
7
Calculate the remainder when 101375 is divided by 50661.
53
Calculate the remainder when 26976661 is divided by 1117.
1111
Calculate the remainder when 12253745 is divided by 2952.
2945
Calculate the remainder when 863383 is divided by 2452.
279
What is the remainder when 6988617 is divided by 5819?
5817
What is the remainder when 997327 is divided by 997296?
31
Calculate the remainder when 35037856 is divided by 130.
126
What is the remainder when 23359326 is divided by 1061787?
12
Calculate the remainder when 5026519 is divided by 175.
169
What is the remainder when 8901 is divided by 1390?
561
What is the remainder when 121116 is divided by 22817?
7031
What is the remainder when 83003 is divided by 556?
159
What is the remainder when 981611 is divided by 2371?
17
Calculate the remainder when 437907248 is divided by 17.
15
Calculate the remainder when 207148 is divided by 41331.
493
Calculate the remainder when 75885629 is divided by 94.
87
Calculate the remainder when 207595 is divided by 3016.
2507
Calculate the remainder when 2971129 is divided by 97.
19
Calculate the remainder when 43395672 is divided by 1399860.
12
What is the remainder when 1682258549 is divided by 21?
20
What is the remainder when 229475 is divided by 229472?
3
Calculate the remainder when 3966651 is divided by 1739.
1731
Calculate the remainder when 574868699 is divided by 315.
314
What is the remainder when 21915881 is divided by 1157?
1144
What is the remainder when 125357 is divided by 897?
674
What is the remainder when 6779813 is divided by 1694927?
105
What is the remainder when 465889 is divided by 4904?
9
Calculate the remainder when 2919989 is divided by 14527.
62
Calculate the remainder when 1434137 is divided by 477973.
218
Calculate the remainder when 9845323 is divided by 298.
297
What is the remainder when 144393 is divided by 311?
89
Calculate the remainder when 5915527 is divided by 84.
79
What is the remainder when 1788694 is divided by 596231?
1
What is the remainder when 37798427 is divided by 3276?
3215
Calculate the remainder when 39688939 is divided by 944974.
31
What is the remainder when 20853954 is divided by 2317106?
0
What is the remainder when 23082610 is divided by 28?
26
Calculate the remainder when 5137 is divided by 125.
12
What is the remainder when 3949008 is divided by 24226?
170
What is the remainder when 28171576 is divided by 2856?
2848
What is the remainder when 1486177 is divided by 23?
9
What is the remainder when 58561 is divided by 106?
49
What is the remainder when 2594 is divided by 296?
226
What is the remainder when 5981109 is divided by 2127?
2112
What is the remainder when 3952390 is divided by 6?
4
What is the remainder when 3243782 is divided by 54?
2
What is the remainder when 11026 is divided by 10117?
909
Calculate the remainder when 132633 is divided by 3895.
203
What is the remainder when 83459116 is divided by 1545539?
10
Calculate the remainder when 63346 is divided by 514.
124
Calculate the remainder when 5350325 is divided by 591.
2
Calculate the remainder when 63266 is divided by 2185.
2086
What is the remainder when 770596 is divided by 1293?
1261
Calculate the remainder when 58950124 is divided by 282.
280
What is the remainder when 92683 is divided by 1238?
1071
What is the remainder when 2915137 is divided by 1687?
1
What is the remainder when 216560592 is divided by 1244601?
18
What is the remainder when 374133 is divided by 16265?
38
What is the remainder when 306923 is divided by 128?
107
What is the remainder when 101879199 is divided by 1185?
9
Calculate the remainder when 19032844 is divided by 91.
12
What is the remainder when 5082 is divided by 1234?
146
Calculate the remainder when 777354 is divided by 35333.
28
What is the remainder when 807110109 is divided by 2073?
2070
Calculate the remainder when 96394 is divided by 1890.
4
Calculate the remainder when 28687 is divided by 27160.
1527
Calculate the remainder when 18901761 is divided by 84.
81
Calculate the remainder when 174016 is divided by 3782.
44
Calculate the remainder when 20377 is divided by 7334.
5709
What is the remainder when 50294 is divided by 1796?
6
What is the remainder when 102598 is divided by 102548?
50
What is the remainder when 92696 is divided by 3337?
2597
Calculate the remainder when 5890266 is divided by 2945122.
22
What is the remainder when 63806000 is divided by 218?
16
What is the remainder when 50051444 is divided by 244?
212
What is the remainder when 57820451 is divided by 605?
601
Calculate the remainder when 21035375 is divided by 301.
291
Calculate the remainder when 1151750 is divided by 61.
9
Calculate the remainder when 110058 is divided by 2692.
2378
What is the remainder when 6078600 is divided by 9395?
35
Calculate the remainder when 30440141 is divided by 120.
101
Calculate the remainder when 353374 is divided by 352685.
689
Calculate the remainder when 6830191 is divided by 2753.
2751
Calculate the remainder when 91365 is divided by 91281.
84
What is the remainder when 1517971 is divided by 30978?
49
What is the remainder when 235764 is divided by 2104?
116
What is the remainder when 621246 is divided by 58?
8
What is the remainder when 13286 is divided by 1446?
272
What is the remainder when 16820960 is divided by 388?
384
Calculate the remainder when 37696 is divided by 449.
429
What is the remainder when 1201454 is divided by 19?
8
What is t